0). Suppose 9*t + b*t = 1170. What is the units digit of t?
0
Let d = -8 + 8. Suppose 3*w + 3 + 33 = d. Let b(y) = -y - 5. What is the units digit of b(w)?
7
Let s be 9/6*16/(-3). Let b(z) = z**3 + 8*z**2 + 3*z + 7. Let x be b(s). Let u = x - -25. What is the units digit of u?
8
Let l(q) = 578*q**2 + 10*q + 11. What is the units digit of l(-1)?
9
Suppose -g + 2432 = -4*p, -26*g - 4*p = -30*g + 9704. What is the units digit of g?
4
What is the thousands digit of 6/3 + 1996 + (-6)/(-2)?
2
Let p = -11 - -11. Suppose p*f - 5*f + 270 = 0. What is the units digit of f?
4
Suppose -3*j + 193 + 1133 = 0. Suppose -6*g - 94 = -j. What is the tens digit of g?
5
Suppose -8*l + 1700 = -3*l. Suppose 2*d - 104 = -5*u + 101, 4*d = 4*u + l. Suppose -c + d = c. What is the tens digit of c?
4
Suppose -4*v = -5*b + 23630, 4*b + 2*v - 6930 = 11974. What is the thousands digit of b?
4
Let z(x) = 9*x**3 - 16*x**2 + 15*x - 84. What is the hundreds digit of z(8)?
6
Let r(t) = t**2 - 9*t + 5. Let i be r(10). Let w = i - 9. Suppose -w*l = -9*l + 63. What is the tens digit of l?
2
Let r(w) = w**3 - 13*w**2 + 4*w + 6. What is the tens digit of r(13)?
5
Suppose 3*n - 8*n + 20 = 0. Suppose 0 = v - n*v. Suppose v = u - 5*u + 28. What is the units digit of u?
7
Let m be (0 - -2) + (7 - 6). Suppose -5*k = -m*k - 4. Suppose -74 = -4*c - k. What is the tens digit of c?
1
Suppose -2*r = 0, -4*r + 318 + 642 = 5*q. Let h = -157 + q. What is the units digit of h?
5
Let n = -1390 - -2023. What is the hundreds digit of n?
6
Suppose 4*b + 0 = 20. Suppose 0 = -2*v + 4*a + 154, -v - b*a + 52 = -53. What is the tens digit of v?
8
Let r(z) = -z. Let m(u) = 7*u - 5. Let q(o) = m(o) + 4*r(o). Let g be q(3). Suppose -57 = -k - g*k - 2*x, 5*k - 50 = 5*x. What is the tens digit of k?
1
Let q be 5/((-10)/(-6)) + 642. Let n = q + -368. What is the units digit of n?
7
Let t = 199 - -141. What is the hundreds digit of t?
3
Let b be -1 - ((-1 - 0) + 36). Let o = 56 + b. Let p = o - -8. What is the tens digit of p?
2
Suppose 24*p - 810 = 18*p. What is the hundreds digit of p?
1
Let q(u) = u**3 + 10*u**2 - 16. What is the tens digit of q(-9)?
6
Suppose 6 = 4*s - s + 3*n, 2*n - 18 = 5*s. Let k(i) = -97*i - 3. What is the tens digit of k(s)?
9
Suppose 3*p = 2*g + 80, -4*p + 2*p = 2*g + 60. Let v be -15*10*17/g. Let f = v + -54. What is the tens digit of f?
2
Suppose 1 - 25 = -4*r. Let k be r - 3 - (0 - -29). Let j = -14 - k. What is the tens digit of j?
1
Suppose 2*o + 120 = -3*o. Let u = -21 - o. What is the units digit of u?
3
Suppose 7*u - 3356 = -1158. What is the tens digit of u?
1
Let g(y) = y**3 + 15*y**2 + 8*y + 5. Let u(l) = -l**2 - 5*l - 8. Let z be u(-6). What is the tens digit of g(z)?
8
Suppose 4*o - 4 = 4*v, -o = 4*v + v + 11. What is the tens digit of (-718)/(-6) - v/(-3)?
1
Let w = -4 + 4. Suppose -5*q + 117 + 138 = w. What is the units digit of (1 - -1)/(6/q)?
7
Suppose -n = -d - d - 65, -4*d = 5*n - 269. Suppose 0 = 4*w - n - 67. What is the tens digit of w?
3
Suppose 9*f - 11*f = -2744. What is the hundreds digit of f?
3
Suppose 2*u + 10646 = 4*m, 14*m - 15*m + 2659 = -u. What is the hundreds digit of m?
6
Let f = -41 + 510. What is the units digit of f?
9
What is the tens digit of (-4)/((-12)/3661) + 24/(-72)?
2
Suppose 100 = 2*t + 3*r, 4*t - t - 139 = r. Let c = t + -25. What is the tens digit of c?
2
Let o(j) = 5*j + 7. Let g be (-85)/(-20) - (-1)/(-4). Let n be (-81)/(-18) + 2/g. What is the tens digit of o(n)?
3
Let q(n) = -272*n - 30. Let c be q(-6). Suppose -c - 477 = -11*o. What is the hundreds digit of o?
1
Suppose -232 = -2*d + 2*f, 5*f = -4*d + 2*f + 464. Suppose d = 5*z + 4*n, z - 71 = -2*z - n. Let g = z - 23. What is the units digit of g?
1
Suppose 3*s + 28 = 7*s. Suppose -s*y = -4*y - 6. Suppose -4*q - 16 = -y*l - 0*l, -5*l = -5*q - 40. What is the units digit of l?
8
Let h = 241 + -173. What is the units digit of h?
8
Suppose 2*z - 5 = -a, -4*a - 5 = a. Suppose -5*p = -4*l - 204 + 65, z*l - 74 = -2*p. What is the tens digit of p?
3
Suppose 2*b - 26 = 20. Let w = b - -45. What is the units digit of w?
8
Let h(j) = 3*j - 7. Let l be h(0). Let p(f) = -2*f + 7. What is the units digit of p(l)?
1
Let i = 40 + -37. Suppose -2*u = -2*z - 10, -i*z - 25 = -u - 7*z. What is the units digit of u?
9
Let y(q) = -q**2 + 10*q + 3. Let d be y(7). Suppose 5*m - 8*m + d = 0. Let i = 16 + m. What is the units digit of i?
4
Suppose w - 5*l - 60 = 0, w - 44 = -2*l + 16. Suppose -2*h - w = -156. What is the units digit of h?
8
Suppose 3*v - 1526 = 11*z - 6*z, 4*z - 988 = -2*v. What is the tens digit of v?
0
Let d = 30 + -28. What is the tens digit of (298 + (-2 - 0))*1/d?
4
Suppose -3*s + 0*s + 2*q + 12 = 0, -2*q = -s + 4. What is the tens digit of 2/s*(42 - -16)?
2
Let h(r) = -3*r**3 + 4*r - 3*r - 16 - 6*r**2 + 7*r + 4*r**3. What is the tens digit of h(7)?
8
Let u = 39 - 15. What is the tens digit of u?
2
Let s(m) = 12*m**2 + 24*m + 26. What is the tens digit of s(-9)?
8
Let t(b) = -92*b - 4 - 5 + 47*b. What is the units digit of t(-4)?
1
Let j be 5/7 + 2/7. Let q be 32 + 1/j*-1. What is the tens digit of q - (-1 + 2 + 2)?
2
Let z be -602 - (2 - 0 - 1). What is the units digit of (-6)/(-33) + 2 + z/(-11)?
7
Let u be (-3)/(-3) - (1 + 25). Let v = u + 28. Suppose 4*q = 3*h - 105, v*h + 2*q = -4 + 127. What is the units digit of h?
9
Let k(j) = 3*j + 3. Let d be k(-1). Suppose d*l - 5*s = 5*l - 275, 165 = 3*l - 4*s. What is the tens digit of l?
5
Suppose 6*b - 208 = 212. Let y = b + -18. What is the units digit of y?
2
Let k(j) = 16*j**2 - 16*j - 1. What is the tens digit of k(5)?
1
Suppose 891 = -29*p - 4*p. Suppose -5*l + 2*z - z + 5 = 0, 2*z = 4*l - 10. What is the tens digit of -1 + -2 - l - p?
2
Let h = -117 - -121. Let k be -8*(0 + (-2)/4). Suppose k*b - h*c - 68 = 0, 0*b - 46 = -3*b + 4*c. What is the tens digit of b?
2
Let a be 6/24 - (-94)/8. Suppose -7 = -2*f - 5*x, f - 15 = 4*f - x. What is the units digit of f/a + (-4)/(-3)?
1
Let y(a) = -a**3 + 16*a**2 - 14*a + 8. Let v(p) = 0*p - 4*p - p + 6*p + 15. Let m be v(0). What is the tens digit of y(m)?
2
Let u(q) = q**2 - 8*q - 8. Let k be u(-6). Let y be -4 + (-13)/(-3) + (-390)/(-18). Suppose k = z + y. What is the units digit of z?
4
Let p(v) = v**2 - 12*v - 15. Suppose -39 = -2*y - 3*i, -3*y + 4*i + 24 + 9 = 0. What is the tens digit of p(y)?
3
Let x(f) = 4*f**2 + 4*f - 4. Let h be x(4). Let m be (10/8)/(19/h). Suppose -2*i = 3*q - 5, i = q - m*q + 10. What is the units digit of q?
3
Let t(g) = 310*g - 152. What is the thousands digit of t(5)?
1
Let k = 1129 - -1593. What is the thousands digit of k?
2
Suppose -5*f + 4425 = 5*b, -6*f + 2*f + 3545 = 3*b. What is the hundreds digit of f?
8
Suppose 5*d = -5*z + 1330, -4*z - 8*d + 12*d + 1088 = 0. What is the tens digit of z?
6
Suppose 3*q = 5*q - 4. Suppose q*n - 2 = 54. What is the units digit of (-94)/(-14) - (-8)/n?
7
Let i(d) = 69*d - 26. Let u be i(9). Let y = u - 359. What is the tens digit of y?
3
Let w(l) = 11*l**2 + 12*l - 133. What is the tens digit of w(8)?
6
Let f = -669 + 2204. What is the tens digit of f?
3
Suppose -2*i - 2*c = 16, c - 31 = 3*i - 3*c. Let y(d) = d**3 + 11*d**2 + 4*d - 12. What is the tens digit of y(i)?
1
Let u be 3/(-4*(-2)/16). Let k = u - -8. What is the units digit of k?
4
Suppose 0 = 31*r - 33*r + 912. What is the units digit of r?
6
Suppose 5*g + 7 = q - 9, 4*g + 4*q = -8. Let j be (g/(-2) - 2)*-2. Suppose 5*n + j = 26. What is the units digit of n?
5
Let a = -223 - -83. Let h = 265 + a. Suppose 2*l = -3*l + h. What is the units digit of l?
5
Suppose 0 = -38*j + 37*j + 965. What is the tens digit of j?
6
Let d be (126/(-35))/((-9)/(-60)). Suppose 0 = -3*y - 27 - 3. What is the units digit of (y/(-6))/((-4)/d)?
0
Let h(g) = 17*g**2 + 9*g + 1. Let w = 102 + -99. What is the units digit of h(w)?
1
Suppose -s + 2*i - 6 = -2*s, 5*i = -3*s + 17. Suppose 2*b - 4*z = -2*b + 40, 26 = 2*b + s*z. Suppose b*g = 13*g - 32. What is the tens digit of g?
1
Let g = 4540 - 2158. What is the thousands digit of g?
2
Let a(n) = -583*n**3 + 8 - 9*n + 12*n**2 + 5 + 582*n**3. What is the tens digit of a(8)?
9
Let p be (-1)/((-270)/(-265) + -1). Let k = 88 + p. What is the tens digit of k?
3
Let y(q) = 2479*q**2 - 13*q - 11. What is the hundreds digit of y(-1)?
4
Let k